 161. Let r be v(0). Suppose 3*g + 3*h + 11 = 110, -5*g - 3*h = -r. Is g composite?
False
Let j = 36020 - 25023. Is j/77 - 4/(-22) a composite number?
True
Suppose -2*v = 5*j - 3443, -4*j + 0*j = -v - 2757. Is j a composite number?
True
Is (-4)/24*-3*114 a prime number?
False
Let b(w) = 298*w**2 + 7*w + 4. Is b(3) composite?
False
Let x = 166 - 99. Is x prime?
True
Let f = 71 - 24. Is f a composite number?
False
Let o(i) = -i**2 - 6*i - 5. Let l be o(-6). Let y be (2 + (-14)/5)*l. Suppose j - 28 = -a, -a = y*j - 2*j - 61. Is j a composite number?
True
Let i = -2 - -5. Suppose i*g + 318 + 168 = 0. Let y = g - -229. Is y prime?
True
Suppose 3*r = 235 + 326. Is r a composite number?
True
Let t be 40/(-12)*-6*-2. Let u = 17 - t. Is u composite?
True
Let t(v) = v + 172 - 3*v**3 + 6*v**3 + 97 - 2*v**3. Is t(0) a prime number?
True
Suppose q + 5*r = 1841, -2*q + r + 1101 + 2625 = 0. Is q a composite number?
False
Let y(o) = -3*o**3 - 16*o**2 - 5*o - 9. Let s be y(-4). Let v be 0/1*(-2 - -1). Is s*2*(v - 1) a composite number?
True
Suppose 8982 = 54*b - 48*b. Is b a prime number?
False
Let b(f) = f**3 - 4*f**2 + 6*f + 4. Is b(13) a prime number?
False
Let a(x) = x**2 - 3*x - 3. Let v be a(3). Let q be 1*3 + (-524 - v). Is (-4)/(-6) - q/6 a prime number?
False
Let q = 0 + 3. Let p be 2/4 - (-1)/2. Is 326*(q/(-6) + p) prime?
True
Let f(i) = -i**3 + 11*i**2 - 7*i. Let b be f(10). Let d = 224 - b. Is d prime?
False
Let s(b) = 8*b**2 + 23*b + 6. Let c(f) = -4*f**2 - 11*f - 3. Let q(v) = -13*c(v) - 6*s(v). Suppose 5*a - 8 = 7*a. Is q(a) composite?
False
Let n be 806/(-18) + 4/(-18). Let d = 138 + n. Suppose 3*x - d = -s - 4*s, -x = 4*s - 38. Is x a composite number?
True
Let t(x) = 6*x**2 + 4*x - 3. Is t(6) prime?
False
Suppose v - 6*p + 10 = -2*p, 3*v = -5*p + 21. Is ((-42)/(-3 - -2))/v a prime number?
False
Suppose -2*a - 3*m = -421, 5*m = -5*a - 56 + 1096. Is a a prime number?
False
Let r(m) = 11*m. Let w be r(1). Suppose f - w = 11. Is f prime?
False
Suppose 4 = -4*j + 6*j. Suppose 2*f + j = -5*o - 0, -40 = 5*f - 5*o. Let v(k) = -10*k - 7. Is v(f) a composite number?
False
Let a(w) = -w**2 + 33*w + 21. Is a(15) prime?
False
Suppose 0 = 6*d - 2*d - 12. Suppose 3*o + m - 149 = 79, -2*m = -d*o + 237. Is o a composite number?
True
Let f be 0/(-2) + (-2 - -4). Suppose -3*d - f*z + 203 = 0, 2*z = 5*d + z - 360. Let m = d + 6. Is m a prime number?
False
Let h(n) = n + 12. Let v be h(-6). Let j be (5 + -2)/((-9)/v). Is (-2)/j*(101 - 4) prime?
True
Let o = -20 + 38. Let j = -4 + o. Is j a prime number?
False
Let x be ((-10)/6)/((-1)/3). Let f(j) = -6*j**3 + 8*j**2 + x*j**3 + 1 + 8 + 3*j. Is f(8) a prime number?
False
Let z be 6*(1 + 6/(-4)). Is 2 + z + -2 + 40 prime?
True
Suppose 0 = 5*x - 827 - 728. Let y = x - 3. Suppose -4*v + 0*v = -y. Is v prime?
False
Let k be (-3)/(-6)*194 + -3. Let u = k - 25. Is u composite?
True
Let a = 4 - -1. Suppose -a*s + 48 = -107. Is s a prime number?
True
Let i(p) = 69*p**2 + 5*p + 11. Is i(-5) a composite number?
True
Let t(w) = -4*w**3 - 33*w**2 - w - 27. Let n(q) = -q**3 - 8*q**2 - 7. Let r(p) = 9*n(p) - 2*t(p). Is r(-8) a composite number?
False
Let n(x) = 2*x - 8. Let w be n(6). Let r(p) = p**2 - 6*p + 10. Let j be r(5). Suppose -j*i = 15, -g - 105 = -w*g + 2*i. Is g a composite number?
True
Suppose -4*z = 5*g - 3887, 5*g + 3 = -2. Is z composite?
True
Suppose -4*x + 734 = -2*o, -3*x + 0*o = 4*o - 567. Is x composite?
True
Let l be (0/(16/4))/2. Let f = -274 + 395. Suppose l*o - o = -f. Is o prime?
False
Suppose 0 = -5*h + 2*y + 18461, 11*y = 5*h + 6*y - 18470. Is h a composite number?
False
Suppose 621 = 3*z - 3*k, 4*k + 302 = 5*z - 731. Is z prime?
False
Suppose -4*q - 8 + 0 = 0. Let o(z) = 129*z**2 + 2*z - 1. Is o(q) composite?
True
Let s(z) = z**2 + 6*z + 4. Let p be s(-3). Is (-628)/(-3) - p/(-15) composite?
True
Suppose -2*m - 3*j + 0*j = -10, -2*m + 5*j + 10 = 0. Suppose -m*u + 262 = 3*c, 208 = -u + 5*u + 4*c. Is u a prime number?
True
Suppose 3*n = 2*r - 661, 3*r - n = 4*r - 328. Is r composite?
True
Is (23/(-92))/(1/(-556)) prime?
True
Suppose -72 = 3*k - 5*h, 3*k - 4*h = -2*h - 81. Let f = k - -124. Is f composite?
True
Suppose d - 334 - 792 = 0. Is d composite?
True
Let s(z) = z**2 + z. Let g be s(1). Suppose -5*m = 2*q + 14, -4*m = 5*q - g*q + 14. Is (-42)/m - -2*1 prime?
True
Suppose 6399 + 169 = 8*u. Is u a composite number?
False
Suppose -f - 3*p = -1154, -2*f + 5824 = 3*f - 3*p. Is f a composite number?
False
Let q(v) = -v**3 + 6*v**2 + 9*v - 9. Let a be q(7). Suppose -1 - 4 = -a*n, 2*s + 5*n - 347 = 0. Is (2/(-3))/((-6)/s) a prime number?
True
Suppose -6*n + 4*n - 18 = 0. Let b(a) = -3*a + 10. Is b(n) prime?
True
Suppose -4*j + 223 = -293. Let r = 238 - j. Is r prime?
True
Suppose 0*b + 2*b - 4 = 0. Let z be 1/b - (-1308)/(-8). Is z/(-3) + 4/6 prime?
False
Let g = -1 - -1. Suppose 4*t - 65 - 11 = g. Is t prime?
True
Suppose -3*x + 1804 = 397. Is x a prime number?
False
Suppose 3*d = -d + 148. Is d composite?
False
Let u be (-35)/(0 + 1/(-1)). Is (-21)/u + (-516)/(-10) prime?
False
Suppose 0 = 3*d + 2*d - 150. Suppose 0 = 2*v + v - d. Is (-4)/v - 254/(-10) composite?
True
Suppose 4*z - d - 3060 = -5*d, 5*z - 3857 = 3*d. Is z a composite number?
False
Let d(q) = -q + 43. Let c be d(0). Is ((-2 + c)*5)/1 composite?
True
Suppose 0*d = 3*d - 177. Is d a composite number?
False
Suppose -43 = -2*o + j, 0*j = o + 5*j - 16. Is o a composite number?
True
Let t be 2/(36/15 + -2). Suppose -5*b = t*n - 30, 2*n + 0*n = b - 3. Suppose -3*m = -2*o - 167, -b*m - 2*o + 104 + 169 = 0. Is m composite?
True
Let c = -60 - -24. Is ((-225)/c)/((-2)/(-8)) composite?
True
Let r = -877 - -369. Let i = -297 - r. Is i prime?
True
Let h(k) = -4*k**2 + 24*k - 1. Let i(b) = 3*b**2 - 16*b + 1. Let d(q) = -5*h(q) - 7*i(q). Let c be d(-6). Suppose -29 - c = -3*g. Is g composite?
False
Let n = -4 - -8. Let g(y) = -y**3 + 3*y**2 + 4*y - 6. Let x be g(n). Let f = x + 9. Is f prime?
True
Is 2 + ((-4110)/(-5))/2 composite?
True
Let x(l) be the first derivative of 3*l**4/2 + 4*l**3/3 + 2*l**2 + 4*l - 1. Let n be x(5). Is (-4)/6 - n/(-6) prime?
False
Suppose -2*v - 6 = f, -v + 36 = -5*f - 27. Suppose 40 = -3*n - 2*n. Let s = n - f. Is s composite?
True
Let x = -17 - -17. Suppose -3*s + x*s + 705 = 0. Is s prime?
False
Let h be (-119)/(-21) - 2/3. Suppose -h*a = 4*o + 9 - 800, 0 = -o - 1. Is a a composite number?
True
Let i(y) = y**3 - 10*y**2 + 6. Let m = 10 - 1. Let x be i(m). Let n = x - -130. Is n a prime number?
False
Let a(j) = 5*j**2 - 38*j + 19. Is a(20) a composite number?
False
Suppose 0*k + 1165 = k - 5*u, 2*u = 0. Is k prime?
False
Suppose 6*k - 1280 = 2*k. Let q = 477 - k. Is q prime?
True
Let y(w) = 5*w**3 - 5*w**2 + w + 2. Is y(3) composite?
True
Let l(i) = i**3 + 5*i**2 + 2*i + 2. Suppose r = 2, -2*j = 3*r - 4*r - 10. Suppose 5*u + a = -23, -j*u - 22 = -2*u + 2*a. Is l(u) a composite number?
True
Let y(l) = 332*l**2 + 3*l + 2. Is y(-1) composite?
False
Let m = -40 - -78. Is m prime?
False
Let y be (2 - 3)*(-78 + 0). Let o(v) = -7*v + 1. Let x be o(2). Let h = y + x. Is h a composite number?
True
Suppose 4*c - 1064 = -3*p - p, -3*p + c = -818. Is p prime?
True
Let f be ((-2)/(-3))/(5/30). Suppose -f*w + 194 = 3*c, 3*w = 2*c - 175 + 40. Let y = -31 + c. Is y a composite number?
True
Suppose -i - 3*i = -628. Is i a composite number?
False
Let g(w) = -w**3 + 5*w**2 + 5*w + 2. Suppose 2*l - 2 = -2*h, 5*l - 31 = 5*h + l. Is g(h) a composite number?
False
Let m(p) = p - 1. Let i(y) = -43*y + 14. Let b(d) = i(d) + 5*m(d). Is b(-13) composite?
False
Let t(b) = b**3 - 4*b**2 - b + 3. Let u be t(4). Is (-159)/6*2*u a prime number?
True
Suppose -u + 45 + 122 = 0. Let b = 246 - u. Is b composite?
False
Let w(b) = -b**2 - 4*b + 2. Let f be w(-4). Suppose -2*g - f*g + 196 = 0. Is g a composite number?
True
Let q(g) = -5 + 0 - 2*g + g**2 + 0. Let h be q(6). Is h - (0/1 - 2) prime?
False
Is ((-3)/(-3))/(((-8)/382)/(-4)) prime?
True
Let f = 3 - 1. Let r = 0 - f. Is (38/(r/1))/(-1) a composite number?
False
Suppose 0 = b - 3*w - 10 - 93, -3*b + 344 = -2*w. Suppose 2*p - 224 = -5*h + 3*h, 5*h + b = p. Is p a composite number?
False
Is (-10)/(-35) - 6536/(-7) composite?
True
Is 463/(12/15 - (-6)/(-10)) a prime number?
False
Let m(u) = 1168*u**2 - 3*